CRAN Package Check Results for Package slippymath

Last updated on 2019-03-14 00:46:57 CET.

Flavor Version Tinstall Tcheck Ttotal Status Flags
r-devel-linux-x86_64-debian-clang 0.3.0 2.12 26.60 28.72 OK
r-devel-linux-x86_64-debian-gcc 0.3.0 1.77 21.28 23.05 OK
r-devel-linux-x86_64-fedora-clang 0.3.0 36.27 OK
r-devel-linux-x86_64-fedora-gcc 0.3.0 36.96 OK
r-devel-windows-ix86+x86_64 0.3.0 9.00 64.00 73.00 OK
r-patched-linux-x86_64 0.3.0 1.41 23.89 25.30 OK
r-patched-solaris-x86 0.3.0 44.50 OK
r-release-linux-x86_64 OK
r-release-windows-ix86+x86_64 0.3.0 5.00 51.00 56.00 OK
r-release-osx-x86_64 0.3.0 OK
r-oldrel-osx-x86_64 0.3.0 ERROR

Check Details

Version: 0.3.0
Check: whether package can be installed
Result: ERROR
    Installation failed.
Flavor: r-oldrel-osx-x86_64