CRAN Package Check Results for Package smovie

Last updated on 2019-03-14 00:46:57 CET.

Flavor Version Tinstall Tcheck Ttotal Status Flags
r-devel-linux-x86_64-debian-clang 1.0.1 7.73 47.58 55.31 OK
r-devel-linux-x86_64-debian-gcc 1.0.1 5.83 37.86 43.69 OK
r-devel-linux-x86_64-fedora-clang 1.0.1 72.22 OK
r-devel-linux-x86_64-fedora-gcc 1.0.1 82.25 OK
r-devel-windows-ix86+x86_64 1.0.1 9.00 94.00 103.00 OK
r-patched-linux-x86_64 1.0.1 5.86 42.96 48.82 OK
r-patched-solaris-x86 1.0.1 90.80 OK
r-release-linux-x86_64 OK
r-release-windows-ix86+x86_64 1.0.1 11.00 56.00 67.00 OK
r-release-osx-x86_64 1.0.1 ERROR
r-oldrel-windows-ix86+x86_64 1.0.1 7.00 59.00 66.00 OK
r-oldrel-osx-x86_64 1.0.1 OK

Check Details

Version: 1.0.1
Check: package dependencies
Result: ERROR
    Package required but not available: ‘rpanel’
    
    See section ‘The DESCRIPTION file’ in the ‘Writing R Extensions’
    manual.
Flavor: r-release-osx-x86_64