CRAN Package Check Results for Package soma

Last updated on 2019-03-14 00:46:58 CET.

Flavor Version Tinstall Tcheck Ttotal Status Flags
r-devel-linux-x86_64-debian-clang 1.1.1 1.56 16.95 18.51 NOTE
r-devel-linux-x86_64-debian-gcc 1.1.1 1.31 13.79 15.10 NOTE
r-devel-linux-x86_64-fedora-clang 1.1.1 23.04 NOTE
r-devel-linux-x86_64-fedora-gcc 1.1.1 24.79 NOTE
r-devel-windows-ix86+x86_64 1.1.1 5.00 37.00 42.00 NOTE
r-patched-linux-x86_64 1.1.1 0.79 15.96 16.75 NOTE
r-patched-solaris-x86 1.1.1 36.90 NOTE
r-release-linux-x86_64 NOTE
r-release-windows-ix86+x86_64 1.1.1 4.00 33.00 37.00 NOTE
r-release-osx-x86_64 1.1.1 NOTE
r-oldrel-windows-ix86+x86_64 1.1.1 4.00 46.00 50.00 NOTE
r-oldrel-osx-x86_64 1.1.1 NOTE

Check Details

Version: 1.1.1
Check: R code for possible problems
Result: NOTE
    plot.soma: no visible global function definition for 'plot'
    soma: no visible global function definition for 'runif'
    Undefined global functions or variables:
     plot runif
    Consider adding
     importFrom("graphics", "plot")
     importFrom("stats", "runif")
    to your NAMESPACE file.
Flavors: r-devel-linux-x86_64-debian-clang, r-devel-linux-x86_64-debian-gcc, r-devel-linux-x86_64-fedora-clang, r-devel-linux-x86_64-fedora-gcc, r-devel-windows-ix86+x86_64, r-patched-linux-x86_64, r-patched-solaris-x86, r-release-linux-x86_64, r-release-windows-ix86+x86_64, r-release-osx-x86_64, r-oldrel-windows-ix86+x86_64, r-oldrel-osx-x86_64