Last updated on 2019-03-14 00:46:58 CET.
Flavor | Version | Tinstall | Tcheck | Ttotal | Status | Flags |
---|---|---|---|---|---|---|
r-devel-linux-x86_64-debian-clang | 0.7.0 | 2.14 | 28.70 | 30.84 | OK | |
r-devel-linux-x86_64-debian-gcc | 0.7.0 | 1.56 | 22.56 | 24.12 | OK | |
r-devel-linux-x86_64-fedora-clang | 0.7.0 | 37.37 | NOTE | |||
r-devel-linux-x86_64-fedora-gcc | 0.7.0 | 40.73 | NOTE | |||
r-devel-windows-ix86+x86_64 | 0.7.0 | 5.00 | 64.00 | 69.00 | OK | |
r-patched-linux-x86_64 | 0.7.0 | 1.26 | 26.68 | 27.94 | OK | |
r-patched-solaris-x86 | 0.7.0 | 51.10 | NOTE | |||
r-release-linux-x86_64 | OK | |||||
r-release-windows-ix86+x86_64 | 0.7.0 | 6.00 | 53.00 | 59.00 | OK | |
r-release-osx-x86_64 | 0.7.0 | NOTE | ||||
r-oldrel-windows-ix86+x86_64 | 0.7.0 | 5.00 | 52.00 | 57.00 | OK | |
r-oldrel-osx-x86_64 | 0.7.0 | NOTE |
Version: 0.7.0
Check: data for non-ASCII characters
Result: NOTE
Note: found 1320 marked UTF-8 strings
Flavors: r-devel-linux-x86_64-fedora-clang, r-devel-linux-x86_64-fedora-gcc, r-patched-solaris-x86, r-release-osx-x86_64, r-oldrel-osx-x86_64