Last updated on 2019-03-14 00:46:58 CET.
Flavor | Version | Tinstall | Tcheck | Ttotal | Status | Flags |
---|---|---|---|---|---|---|
r-devel-linux-x86_64-debian-clang | 0.3 | 11.00 | 76.79 | 87.79 | OK | |
r-devel-linux-x86_64-debian-gcc | 0.3 | 10.13 | 61.19 | 71.32 | OK | |
r-devel-linux-x86_64-fedora-clang | 0.3 | 108.02 | OK | |||
r-devel-linux-x86_64-fedora-gcc | 0.3 | 106.22 | OK | |||
r-devel-windows-ix86+x86_64 | 0.3 | 25.00 | 104.00 | 129.00 | OK | |
r-patched-linux-x86_64 | 0.3 | 8.82 | 74.14 | 82.96 | OK | |
r-patched-solaris-x86 | 0.3 | 188.60 | OK | |||
r-release-linux-x86_64 | OK | |||||
r-release-windows-ix86+x86_64 | 0.3 | 17.00 | 112.00 | 129.00 | OK | |
r-release-osx-x86_64 | 0.3 | NOTE | ||||
r-oldrel-windows-ix86+x86_64 | 0.3 | 18.00 | 104.00 | 122.00 | OK | |
r-oldrel-osx-x86_64 | 0.3 | OK |
Version: 0.3
Check: package dependencies
Result: NOTE
Package suggested but not available for checking: ‘antaresViz’
Flavor: r-release-osx-x86_64
Version: 0.3
Check: Rd cross-references
Result: NOTE
Package unavailable to check Rd xrefs: ‘antaresViz’
Flavor: r-release-osx-x86_64