Last updated on 2019-03-14 00:46:58 CET.
Flavor | Version | Tinstall | Tcheck | Ttotal | Status | Flags |
---|---|---|---|---|---|---|
r-devel-linux-x86_64-debian-clang | 1.0 | 4.07 | 36.14 | 40.21 | OK | |
r-devel-linux-x86_64-debian-gcc | 1.0 | 2.67 | 28.50 | 31.17 | OK | |
r-devel-linux-x86_64-fedora-clang | 1.0 | 49.98 | NOTE | |||
r-devel-linux-x86_64-fedora-gcc | 1.0 | 46.28 | NOTE | |||
r-devel-windows-ix86+x86_64 | 1.0 | 9.00 | 50.00 | 59.00 | OK | |
r-patched-linux-x86_64 | 1.0 | 2.60 | 33.43 | 36.03 | OK | |
r-patched-solaris-x86 | 1.0 | 63.50 | NOTE | |||
r-release-linux-x86_64 | OK | |||||
r-release-windows-ix86+x86_64 | 1.0 | 10.00 | 61.00 | 71.00 | OK | |
r-release-osx-x86_64 | 1.0 | NOTE | ||||
r-oldrel-windows-ix86+x86_64 | 1.0 | 7.00 | 44.00 | 51.00 | OK | |
r-oldrel-osx-x86_64 | 1.0 | NOTE |
Version: 1.0
Check: data for non-ASCII characters
Result: NOTE
Note: found 1 marked UTF-8 string
Flavors: r-devel-linux-x86_64-fedora-clang, r-devel-linux-x86_64-fedora-gcc, r-patched-solaris-x86, r-release-osx-x86_64, r-oldrel-osx-x86_64
Version: 1.0
Check: package dependencies
Result: NOTE
Package suggested but not available for checking: ‘quanteda’
Flavor: r-patched-solaris-x86