CRAN Package Check Results for Package speaq

Last updated on 2019-03-14 00:46:58 CET.

Flavor Version Tinstall Tcheck Ttotal Status Flags
r-devel-linux-x86_64-debian-clang 2.5.0 8.94 217.47 226.41 OK
r-devel-linux-x86_64-debian-gcc 2.5.0 7.23 152.20 159.43 OK
r-devel-linux-x86_64-fedora-clang 2.5.0 260.94 OK
r-devel-linux-x86_64-fedora-gcc 2.5.0 242.40 OK
r-devel-windows-ix86+x86_64 2.5.0 16.00 699.00 715.00 OK
r-patched-linux-x86_64 2.5.0 7.74 200.14 207.88 OK
r-patched-solaris-x86 2.5.0 1027.80 OK
r-release-linux-x86_64 OK
r-release-windows-ix86+x86_64 2.5.0 20.00 581.00 601.00 WARN
r-release-osx-x86_64 2.5.0 OK
r-oldrel-windows-ix86+x86_64 2.5.0 12.00 507.00 519.00 OK
r-oldrel-osx-x86_64 2.5.0 OK

Check Details

Version: 2.5.0
Check: whether package can be installed
Result: WARN
    Found the following significant warnings:
     Warning: S3 methods '[.fun_list', '[.grouped_df', 'all.equal.tbl_df', 'anti_join.data.frame', 'anti_join.tbl_df', 'arrange.data.frame', 'arrange.default', 'arrange.grouped_df', 'arrange.tbl_df', 'arrange_.data.frame', 'arrange_.tbl_df', 'as.data.frame.grouped_df', 'as.data.frame.rowwise_df', 'as.data.frame.tbl_cube', 'as.table.tbl_cube', 'as.tbl.data.frame', 'as.tbl.tbl', 'as.tbl_cube.array', 'as.tbl_cube.data.frame', 'as.tbl_cube.matrix', 'as.tbl_cube.table', 'as_tibble.grouped_df', 'as_tibble.tbl_cube', 'auto_copy.tbl_cube', 'auto_copy.tbl_df', 'cbind.grouped_df', 'collapse.data.frame', 'collect.data.frame', 'common_by.NULL', 'common_by.character', 'common_by.default', 'common_by.list', 'compute.data.frame', 'copy_to.DBIConnection', 'copy_to.src_local', 'default_missing.data.frame', 'default_missing.default', 'dim.tbl_cube', 'distinct.data.frame', 'distinct.default', 'distinct.grouped_df', 'distinct.tbl_df', 'distinct_.data.frame', 'distinct_.grouped_df', 'distinct_.tbl_df', 'do.NULL', 'do.da [... truncated]
Flavor: r-release-windows-ix86+x86_64