Last updated on 2019-03-14 00:46:58 CET.
Flavor | Version | Tinstall | Tcheck | Ttotal | Status | Flags |
---|---|---|---|---|---|---|
r-devel-linux-x86_64-debian-clang | 1.2.0 | 6.82 | 34.99 | 41.81 | OK | |
r-devel-linux-x86_64-debian-gcc | 1.2.0 | 5.26 | 27.78 | 33.04 | OK | |
r-devel-linux-x86_64-fedora-clang | 1.2.0 | 50.94 | NOTE | |||
r-devel-linux-x86_64-fedora-gcc | 1.2.0 | 50.12 | NOTE | |||
r-devel-windows-ix86+x86_64 | 1.2.0 | 11.00 | 63.00 | 74.00 | OK | |
r-patched-linux-x86_64 | 1.2.0 | 6.85 | 33.00 | 39.85 | OK | |
r-patched-solaris-x86 | 1.2.0 | 68.90 | NOTE | |||
r-release-linux-x86_64 | OK | |||||
r-release-windows-ix86+x86_64 | 1.2.0 | 12.00 | 103.00 | 115.00 | OK | |
r-release-osx-x86_64 | 1.2.0 | NOTE | ||||
r-oldrel-windows-ix86+x86_64 | 1.2.0 | 12.00 | 41.00 | 53.00 | OK | |
r-oldrel-osx-x86_64 | 1.2.0 | NOTE |
Version: 1.2.0
Check: dependencies in R code
Result: NOTE
Namespace in Imports field not imported from: ‘biomod2’
All declared Imports should be used.
Flavors: r-devel-linux-x86_64-fedora-clang, r-devel-linux-x86_64-fedora-gcc, r-patched-solaris-x86, r-release-osx-x86_64, r-oldrel-osx-x86_64