CRAN Package Check Results for Package stabledist

Last updated on 2019-03-14 00:46:58 CET.

Flavor Version Tinstall Tcheck Ttotal Status Flags
r-devel-linux-x86_64-debian-clang 0.7-1 2.42 86.77 89.19 OK
r-devel-linux-x86_64-debian-gcc 0.7-1 2.10 61.38 63.48 OK
r-devel-linux-x86_64-fedora-clang 0.7-1 111.68 OK
r-devel-linux-x86_64-fedora-gcc 0.7-1 96.76 OK
r-devel-windows-ix86+x86_64 0.7-1 7.00 122.00 129.00 OK
r-patched-linux-x86_64 0.7-1 1.40 81.32 82.72 OK
r-patched-solaris-x86 0.7-1 118.60 OK
r-release-linux-x86_64 OK
r-release-windows-ix86+x86_64 0.7-1 5.00 94.00 99.00 OK
r-release-osx-x86_64 0.7-1 OK
r-oldrel-windows-ix86+x86_64 0.7-1 5.00 92.00 97.00 OK
r-oldrel-osx-x86_64 0.7-1 NOTE

Check Details

Version: 0.7-1
Check: package dependencies
Result: NOTE
    Package suggested but not available for checking: ‘Rmpfr’
Flavor: r-oldrel-osx-x86_64