CRAN Package Check Results for Package stagePop

Last updated on 2019-03-14 00:46:58 CET.

Flavor Version Tinstall Tcheck Ttotal Status Flags
r-devel-linux-x86_64-debian-clang 1.1-1 2.83 30.12 32.95 NOTE
r-devel-linux-x86_64-debian-gcc 1.1-1 2.42 24.21 26.63 NOTE
r-devel-linux-x86_64-fedora-clang 1.1-1 40.73 NOTE
r-devel-linux-x86_64-fedora-gcc 1.1-1 40.04 NOTE
r-devel-windows-ix86+x86_64 1.1-1 11.00 53.00 64.00 NOTE
r-patched-linux-x86_64 1.1-1 1.94 28.59 30.53 NOTE
r-patched-solaris-x86 1.1-1 51.90 NOTE
r-release-linux-x86_64 NOTE
r-release-windows-ix86+x86_64 1.1-1 9.00 62.00 71.00 NOTE
r-release-osx-x86_64 1.1-1 NOTE
r-oldrel-windows-ix86+x86_64 1.1-1 8.00 38.00 46.00 NOTE
r-oldrel-osx-x86_64 1.1-1 NOTE

Check Details

Version: 1.1-1
Check: R code for possible problems
Result: NOTE
    genericPlot: no visible global function definition for 'dev.new'
    genericPlot: no visible global function definition for 'par'
    genericPlot: no visible global function definition for 'rainbow'
    genericPlot: no visible global function definition for 'plot'
    genericPlot: no visible global function definition for 'lines'
    genericPlot: no visible global function definition for 'legend'
    genericPlot: no visible global function definition for 'dev.copy2pdf'
    genericPlot: no visible global function definition for 'dev.copy2eps'
    genericPlot: no visible global function definition for 'dev.print'
    genericPlot: no visible binding for global variable 'png'
    genericPlot: no visible binding for global variable 'tiff'
    plotStrains: no visible global function definition for 'rainbow'
    plotStrains: no visible global function definition for 'dev.new'
    plotStrains: no visible global function definition for 'par'
    plotStrains: no visible global function definition for 'plot'
    plotStrains: no visible global function definition for 'lines'
    plotStrains: no visible global function definition for 'legend'
    plotStrains: no visible global function definition for 'dev.copy2pdf'
    plotStrains: no visible global function definition for 'dev.copy2eps'
    plotStrains: no visible global function definition for 'dev.print'
    plotStrains: no visible binding for global variable 'png'
    plotStrains: no visible binding for global variable 'tiff'
    Undefined global functions or variables:
     dev.copy2eps dev.copy2pdf dev.new dev.print legend lines par plot png
     rainbow tiff
    Consider adding
     importFrom("grDevices", "dev.copy2eps", "dev.copy2pdf", "dev.new",
     "dev.print", "png", "rainbow", "tiff")
     importFrom("graphics", "legend", "lines", "par", "plot")
    to your NAMESPACE file.
Flavors: r-devel-linux-x86_64-debian-clang, r-devel-linux-x86_64-debian-gcc, r-devel-linux-x86_64-fedora-clang, r-devel-linux-x86_64-fedora-gcc, r-devel-windows-ix86+x86_64, r-patched-linux-x86_64, r-patched-solaris-x86, r-release-linux-x86_64, r-release-windows-ix86+x86_64, r-release-osx-x86_64, r-oldrel-windows-ix86+x86_64, r-oldrel-osx-x86_64