CRAN Package Check Results for Package statsDK

Last updated on 2019-03-14 00:46:59 CET.

Flavor Version Tinstall Tcheck Ttotal Status Flags
r-devel-linux-x86_64-debian-clang 0.1.1 1.75 27.32 29.07 ERROR
r-devel-linux-x86_64-debian-gcc 0.1.1 1.49 22.40 23.89 OK
r-devel-linux-x86_64-fedora-clang 0.1.1 36.48 NOTE
r-devel-linux-x86_64-fedora-gcc 0.1.1 35.16 NOTE
r-devel-windows-ix86+x86_64 0.1.1 4.00 77.00 81.00 OK
r-patched-linux-x86_64 0.1.1 0.96 26.19 27.15 OK
r-patched-solaris-x86 0.1.1 55.40 NOTE
r-release-linux-x86_64 OK
r-release-windows-ix86+x86_64 0.1.1 5.00 62.00 67.00 ERROR
r-release-osx-x86_64 0.1.1 NOTE
r-oldrel-windows-ix86+x86_64 0.1.1 4.00 58.00 62.00 OK
r-oldrel-osx-x86_64 0.1.1 NOTE

Check Details

Version: 0.1.1
Check: tests
Result: ERROR
     Running 'testthat.R' [3s/8s]
    Running the tests in 'tests/testthat.R' failed.
    Complete output:
     > library(testthat)
     > library(statsDK)
     >
     > test_check("statsDK")
     -- 1. Failure: we have indeed received data (@test_retrievers.R#47) -----------
     is.data.frame(pris) isn't true.
    
     -- 2. Failure: we have indeed received data (@test_retrievers.R#48) -----------
     nrow(pris) > 0 isn't true.
    
     -- 3. Failure: we have indeed received data (@test_retrievers.R#49) -----------
     ncol(pris) > 0 isn't true.
    
     == testthat results ===========================================================
     OK: 14 SKIPPED: 0 FAILED: 3
     1. Failure: we have indeed received data (@test_retrievers.R#47)
     2. Failure: we have indeed received data (@test_retrievers.R#48)
     3. Failure: we have indeed received data (@test_retrievers.R#49)
    
     Error: testthat unit tests failed
     Execution halted
Flavor: r-devel-linux-x86_64-debian-clang

Version: 0.1.1
Check: dependencies in R code
Result: NOTE
    Namespaces in Imports field not imported from:
     ‘dplyr’ ‘ggplot2’ ‘stringr’
     All declared Imports should be used.
Flavors: r-devel-linux-x86_64-fedora-clang, r-devel-linux-x86_64-fedora-gcc, r-patched-solaris-x86, r-release-osx-x86_64, r-oldrel-osx-x86_64

Version: 0.1.1
Check: tests
Result: ERROR
     Running 'testthat.R' [8s]
    Running the tests in 'tests/testthat.R' failed.
    Complete output:
     > library(testthat)
     > library(statsDK)
     >
     > test_check("statsDK")
     -- 1. Failure: we have indeed received data (@test_retrievers.R#47) -----------
     is.data.frame(pris) isn't true.
    
     -- 2. Failure: we have indeed received data (@test_retrievers.R#48) -----------
     nrow(pris) > 0 isn't true.
    
     -- 3. Failure: we have indeed received data (@test_retrievers.R#49) -----------
     ncol(pris) > 0 isn't true.
    
     == testthat results ===========================================================
     OK: 14 SKIPPED: 0 FAILED: 3
     1. Failure: we have indeed received data (@test_retrievers.R#47)
     2. Failure: we have indeed received data (@test_retrievers.R#48)
     3. Failure: we have indeed received data (@test_retrievers.R#49)
    
     Error: testthat unit tests failed
     Execution halted
Flavor: r-release-windows-ix86+x86_64