CRAN Package Check Results for Package strandCet

Last updated on 2019-03-14 00:46:59 CET.

Flavor Version Tinstall Tcheck Ttotal Status Flags
r-devel-linux-x86_64-debian-clang 1.0 3.68 40.47 44.15 WARN
r-devel-linux-x86_64-debian-gcc 1.0 3.07 30.96 34.03 OK
r-devel-linux-x86_64-fedora-clang 1.0 52.87 NOTE
r-devel-linux-x86_64-fedora-gcc 1.0 50.50 NOTE
r-devel-windows-ix86+x86_64 1.0 10.00 71.00 81.00 OK
r-patched-linux-x86_64 1.0 2.90 38.16 41.06 OK
r-patched-solaris-x86 1.0 74.00 NOTE
r-release-linux-x86_64 OK
r-release-windows-ix86+x86_64 1.0 8.00 65.00 73.00 OK
r-release-osx-x86_64 1.0 NOTE
r-oldrel-windows-ix86+x86_64 1.0 7.00 68.00 75.00 OK
r-oldrel-osx-x86_64 1.0 NOTE

Check Details

Version: 1.0
Check: whether package can be installed
Result: WARN
    Found the following significant warnings:
     Warning: unable to re-encode 'HP.CI.R' lines 17, 55, 95, 147
     Warning: unable to re-encode 'HP.mod.R' lines 14, 104, 106, 110, 168, 172, 299, 366, 370, 419, 458, 462, 495, 497, 533, 583, 585, 589, 777, 779, 783
     Warning: unable to re-encode 'HP.pred.R' lines 27, 29
     Warning: unable to re-encode 'HP.pri.start.R' line 18
     Warning: unable to re-encode 'HP.priors.R' lines 17, 19, 23
     Warning: unable to re-encode 'Leslie.matrix.R' lines 9, 10, 12, 14
     Warning: unable to re-encode 'Leslie.pred.R' line 10
     Warning: unable to re-encode 'Si.mod.R' lines 20, 22
     Warning: unable to re-encode 'Si.pred.R' lines 17, 19
     Warning: unable to re-encode 'life.Leslie.R' line 115
Flavor: r-devel-linux-x86_64-debian-clang

Version: 1.0
Check: dependencies in R code
Result: NOTE
    Namespace in Imports field not imported from: ‘boot’
     All declared Imports should be used.
Flavors: r-devel-linux-x86_64-fedora-clang, r-devel-linux-x86_64-fedora-gcc, r-patched-solaris-x86, r-release-osx-x86_64, r-oldrel-osx-x86_64