CRAN Package Check Results for Package strataG

Last updated on 2019-03-14 00:46:59 CET.

Flavor Version Tinstall Tcheck Ttotal Status Flags
r-devel-linux-x86_64-debian-clang 2.0.2 88.78 281.02 369.80 OK --no-vignettes
r-devel-linux-x86_64-debian-gcc 2.0.2 74.35 302.69 377.04 OK --no-vignettes
r-devel-linux-x86_64-fedora-clang 2.0.2 536.96 NOTE
r-devel-linux-x86_64-fedora-gcc 2.0.2 546.21 NOTE
r-devel-windows-ix86+x86_64 2.0.2 158.00 654.00 812.00 OK
r-patched-linux-x86_64 2.0.2 82.29 294.89 377.18 OK --no-vignettes
r-patched-solaris-x86 2.0.2 481.10 NOTE --no-vignettes
r-release-linux-x86_64 OK --no-vignettes
r-release-windows-ix86+x86_64 2.0.2 197.00 403.00 600.00 OK
r-release-osx-x86_64 2.0.2 NOTE
r-oldrel-windows-ix86+x86_64 2.0.2 178.00 424.00 602.00 OK
r-oldrel-osx-x86_64 2.0.2 NOTE

Check Details

Version: 2.0.2
Check: dependencies in R code
Result: NOTE
    Namespace in Imports field not imported from: ‘survival’
     All declared Imports should be used.
Flavors: r-devel-linux-x86_64-fedora-clang, r-devel-linux-x86_64-fedora-gcc, r-release-osx-x86_64, r-oldrel-osx-x86_64

Version: 2.0.2
Flags: --no-vignettes
Check: dependencies in R code
Result: NOTE
    Namespace in Imports field not imported from: ‘survival’
     All declared Imports should be used.
Flavor: r-patched-solaris-x86