CRAN Package Check Results for Package tableschema.r

Last updated on 2019-03-14 00:47:00 CET.

Flavor Version Tinstall Tcheck Ttotal Status Flags
r-devel-linux-x86_64-debian-clang 1.1.0 11.78 57.59 69.37 OK
r-devel-linux-x86_64-debian-gcc 1.1.0 9.41 44.13 53.54 OK
r-devel-linux-x86_64-fedora-clang 1.1.0 90.44 NOTE
r-devel-linux-x86_64-fedora-gcc 1.1.0 84.87 NOTE
r-devel-windows-ix86+x86_64 1.1.0 16.00 173.00 189.00 OK
r-patched-linux-x86_64 1.1.0 9.50 55.88 65.38 OK
r-patched-solaris-x86 1.1.0 105.90 NOTE
r-release-linux-x86_64 OK
r-release-windows-ix86+x86_64 1.1.0 20.00 132.00 152.00 OK
r-release-osx-x86_64 1.1.0 NOTE
r-oldrel-windows-ix86+x86_64 1.1.0 6.00 132.00 138.00 OK
r-oldrel-osx-x86_64 1.1.0 NOTE

Check Details

Version: 1.1.0
Check: dependencies in R code
Result: NOTE
    Namespace in Imports field not imported from: ‘iterators’
     All declared Imports should be used.
Flavors: r-devel-linux-x86_64-fedora-clang, r-devel-linux-x86_64-fedora-gcc, r-patched-solaris-x86, r-release-osx-x86_64, r-oldrel-osx-x86_64