CRAN Package Check Results for Package tempR

Last updated on 2019-03-14 00:47:00 CET.

Flavor Version Tinstall Tcheck Ttotal Status Flags
r-devel-linux-x86_64-debian-clang 0.9.9.15 3.77 33.26 37.03 WARN
r-devel-linux-x86_64-debian-gcc 0.9.9.15 2.85 25.41 28.26 OK
r-devel-linux-x86_64-fedora-clang 0.9.9.15 44.98 OK
r-devel-linux-x86_64-fedora-gcc 0.9.9.15 43.51 OK
r-devel-windows-ix86+x86_64 0.9.9.15 10.00 65.00 75.00 OK
r-patched-linux-x86_64 0.9.9.15 2.12 31.24 33.36 OK
r-patched-solaris-x86 0.9.9.15 60.50 OK
r-release-linux-x86_64 OK
r-release-windows-ix86+x86_64 0.9.9.15 5.00 47.00 52.00 OK
r-release-osx-x86_64 0.9.9.15 OK
r-oldrel-windows-ix86+x86_64 0.9.9.15 4.00 57.00 61.00 OK
r-oldrel-osx-x86_64 0.9.9.15 OK

Check Details

Version: 0.9.9.15
Check: whether package can be installed
Result: WARN
    Found the following significant warnings:
     Warning: unable to re-encode 'tds.R' lines 25, 119, 179, 207, 235, 272, 322
Flavor: r-devel-linux-x86_64-debian-clang