CRAN Package Check Results for Package texmex

Last updated on 2019-03-14 00:47:00 CET.

Flavor Version Tinstall Tcheck Ttotal Status Flags
r-devel-linux-x86_64-debian-clang 2.4.2 31.42 106.95 138.37 OK
r-devel-linux-x86_64-debian-gcc 2.4.2 23.63 79.14 102.77 OK
r-devel-linux-x86_64-fedora-clang 2.4.2 178.85 OK
r-devel-linux-x86_64-fedora-gcc 2.4.2 170.73 OK
r-devel-windows-ix86+x86_64 2.4.2 59.00 217.00 276.00 NOTE
r-patched-linux-x86_64 2.4.2 24.80 100.45 125.25 OK
r-patched-solaris-x86 2.4.2 198.60 OK
r-release-linux-x86_64 OK
r-release-windows-ix86+x86_64 2.4.2 77.00 159.00 236.00 NOTE
r-release-osx-x86_64 2.4.2 OK
r-oldrel-windows-ix86+x86_64 2.4.2 62.00 164.00 226.00 NOTE
r-oldrel-osx-x86_64 2.4.2 OK

Check Details

Version: 2.4.2
Check: installed package size
Result: NOTE
     installed size is 5.5Mb
     sub-directories of 1Mb or more:
     doc 3.2Mb
     libs 1.5Mb
Flavors: r-devel-windows-ix86+x86_64, r-release-windows-ix86+x86_64, r-oldrel-windows-ix86+x86_64