Last updated on 2019-03-14 00:47:00 CET.
Flavor | Version | Tinstall | Tcheck | Ttotal | Status | Flags |
---|---|---|---|---|---|---|
r-devel-linux-x86_64-debian-clang | 1.2.8 | 5.26 | 48.72 | 53.98 | OK | |
r-devel-linux-x86_64-debian-gcc | 1.2.8 | 5.97 | 40.29 | 46.26 | OK | |
r-devel-linux-x86_64-fedora-clang | 1.2.8 | 70.96 | NOTE | |||
r-devel-linux-x86_64-fedora-gcc | 1.2.8 | 70.68 | NOTE | |||
r-devel-windows-ix86+x86_64 | 1.2.8 | 12.00 | 87.00 | 99.00 | OK | |
r-patched-linux-x86_64 | 1.2.8 | 2.92 | 45.06 | 47.98 | OK | |
r-patched-solaris-x86 | 1.2.8 | 114.50 | NOTE | |||
r-release-linux-x86_64 | OK | |||||
r-release-windows-ix86+x86_64 | 1.2.8 | 11.00 | 65.00 | 76.00 | OK | |
r-release-osx-x86_64 | 1.2.8 | NOTE | ||||
r-oldrel-windows-ix86+x86_64 | 1.2.8 | 12.00 | 84.00 | 96.00 | OK | |
r-oldrel-osx-x86_64 | 1.2.8 | NOTE |
Version: 1.2.8
Check: dependencies in R code
Result: NOTE
Namespace in Imports field not imported from: ‘testthat’
All declared Imports should be used.
Flavors: r-devel-linux-x86_64-fedora-clang, r-devel-linux-x86_64-fedora-gcc, r-patched-solaris-x86, r-release-osx-x86_64, r-oldrel-osx-x86_64