Last updated on 2019-03-14 00:47:00 CET.
Flavor | Version | Tinstall | Tcheck | Ttotal | Status | Flags |
---|---|---|---|---|---|---|
r-devel-linux-x86_64-debian-clang | 0.9.0 | 3.19 | 83.94 | 87.13 | OK | |
r-devel-linux-x86_64-debian-gcc | 0.9.0 | 2.68 | 69.51 | 72.19 | OK | |
r-devel-linux-x86_64-fedora-clang | 0.9.0 | 109.13 | NOTE | |||
r-devel-linux-x86_64-fedora-gcc | 0.9.0 | 105.83 | NOTE | |||
r-devel-windows-ix86+x86_64 | 0.9.0 | 8.00 | 129.00 | 137.00 | OK | |
r-patched-linux-x86_64 | 0.9.0 | 2.16 | 82.11 | 84.27 | OK | |
r-patched-solaris-x86 | 0.9.0 | 177.60 | NOTE | |||
r-release-linux-x86_64 | OK | |||||
r-release-windows-ix86+x86_64 | 0.9.0 | 7.00 | 90.00 | 97.00 | OK | |
r-release-osx-x86_64 | 0.9.0 | NOTE | ||||
r-oldrel-windows-ix86+x86_64 | 0.9.0 | 7.00 | 89.00 | 96.00 | OK | |
r-oldrel-osx-x86_64 | 0.9.0 | NOTE |
Version: 0.9.0
Check: data for non-ASCII characters
Result: NOTE
Note: found 229801 marked UTF-8 strings
Flavors: r-devel-linux-x86_64-fedora-clang, r-devel-linux-x86_64-fedora-gcc, r-patched-solaris-x86, r-release-osx-x86_64, r-oldrel-osx-x86_64