Last updated on 2019-03-14 00:47:00 CET.
Flavor | Version | Tinstall | Tcheck | Ttotal | Status | Flags |
---|---|---|---|---|---|---|
r-devel-linux-x86_64-debian-clang | 0.1.1.1 | 5.31 | 96.59 | 101.90 | OK | |
r-devel-linux-x86_64-debian-gcc | 0.1.1.1 | 4.53 | 72.81 | 77.34 | OK | |
r-devel-linux-x86_64-fedora-clang | 0.1.1.1 | 121.02 | NOTE | |||
r-devel-linux-x86_64-fedora-gcc | 0.1.1.1 | 112.23 | NOTE | |||
r-devel-windows-ix86+x86_64 | 0.1.1.1 | 13.00 | 137.00 | 150.00 | OK | |
r-patched-linux-x86_64 | 0.1.1.1 | 2.90 | 81.95 | 84.85 | OK | |
r-patched-solaris-x86 | 0.1.1.1 | 168.50 | NOTE | |||
r-release-linux-x86_64 | OK | |||||
r-release-windows-ix86+x86_64 | 0.1.1.1 | 10.00 | 117.00 | 127.00 | OK | |
r-release-osx-x86_64 | 0.1.1.1 | NOTE | ||||
r-oldrel-windows-ix86+x86_64 | 0.1.1.1 | 10.00 | 132.00 | 142.00 | OK | |
r-oldrel-osx-x86_64 | 0.1.1.1 | NOTE |
Version: 0.1.1.1
Check: dependencies in R code
Result: NOTE
Namespaces in Imports field not imported from:
‘devtools’ ‘forecast’
All declared Imports should be used.
Flavors: r-devel-linux-x86_64-fedora-clang, r-devel-linux-x86_64-fedora-gcc, r-patched-solaris-x86, r-release-osx-x86_64, r-oldrel-osx-x86_64