Last updated on 2019-03-14 00:47:02 CET.
Flavor | Version | Tinstall | Tcheck | Ttotal | Status | Flags |
---|---|---|---|---|---|---|
r-devel-linux-x86_64-debian-clang | 0.1-13.1 | 3.92 | 23.56 | 27.48 | OK | |
r-devel-linux-x86_64-debian-gcc | 0.1-13.1 | 2.81 | 19.14 | 21.95 | OK | |
r-devel-linux-x86_64-fedora-clang | 0.1-13.1 | 34.92 | NOTE | |||
r-devel-linux-x86_64-fedora-gcc | 0.1-13.1 | 32.61 | NOTE | |||
r-devel-windows-ix86+x86_64 | 0.1-13.1 | 28.00 | 55.00 | 83.00 | OK | |
r-patched-linux-x86_64 | 0.1-13.1 | 2.59 | 22.21 | 24.80 | OK | |
r-patched-solaris-x86 | 0.1-13.1 | 50.80 | OK | |||
r-release-linux-x86_64 | OK | |||||
r-release-windows-ix86+x86_64 | 0.1-13.1 | 18.00 | 60.00 | 78.00 | OK | |
r-release-osx-x86_64 | 0.1-13.1 | OK | ||||
r-oldrel-windows-ix86+x86_64 | 0.1-13.1 | 15.00 | 42.00 | 57.00 | OK | |
r-oldrel-osx-x86_64 | 0.1-13.1 | OK |
Version: 0.1-13.1
Check: compiled code
Result: NOTE
File ‘tseriesChaos/libs/tseriesChaos.so’:
Found no calls to: ‘R_registerRoutines’, ‘R_useDynamicSymbols’
It is good practice to register native routines and to disable symbol
search.
See ‘Writing portable packages’ in the ‘Writing R Extensions’ manual.
Flavors: r-devel-linux-x86_64-fedora-clang, r-devel-linux-x86_64-fedora-gcc