CRAN Package Check Results for Package tumblR

Last updated on 2019-03-14 00:47:02 CET.

Flavor Version Tinstall Tcheck Ttotal Status Flags
r-devel-linux-x86_64-debian-clang 1.1 3.30 30.49 33.79 NOTE
r-devel-linux-x86_64-debian-gcc 1.1 2.71 23.94 26.65 NOTE
r-devel-linux-x86_64-fedora-clang 1.1 43.31 NOTE
r-devel-linux-x86_64-fedora-gcc 1.1 40.21 NOTE
r-devel-windows-ix86+x86_64 1.1 7.00 55.00 62.00 NOTE
r-patched-linux-x86_64 1.1 2.47 28.48 30.95 NOTE
r-patched-solaris-x86 1.1 72.40 NOTE
r-release-linux-x86_64 NOTE
r-release-windows-ix86+x86_64 1.1 8.00 71.00 79.00 NOTE
r-release-osx-x86_64 1.1 NOTE
r-oldrel-windows-ix86+x86_64 1.1 7.00 43.00 50.00 NOTE
r-oldrel-osx-x86_64 1.1 NOTE

Check Details

Version: 1.1
Check: R code for possible problems
Result: NOTE
    http.connection: no visible global function definition for 'setNames'
    Undefined global functions or variables:
     setNames
    Consider adding
     importFrom("stats", "setNames")
    to your NAMESPACE file.
Flavors: r-devel-linux-x86_64-debian-clang, r-devel-linux-x86_64-debian-gcc, r-devel-linux-x86_64-fedora-clang, r-devel-linux-x86_64-fedora-gcc, r-devel-windows-ix86+x86_64, r-patched-linux-x86_64, r-patched-solaris-x86, r-release-linux-x86_64, r-release-windows-ix86+x86_64, r-release-osx-x86_64, r-oldrel-windows-ix86+x86_64, r-oldrel-osx-x86_64