Last updated on 2019-03-14 00:47:02 CET.
Flavor | Version | Tinstall | Tcheck | Ttotal | Status | Flags |
---|---|---|---|---|---|---|
r-devel-linux-x86_64-debian-clang | 0.5-2 | 30.39 | 3.45 | 33.84 | ERROR | |
r-devel-linux-x86_64-debian-gcc | 0.5-2 | 25.40 | 2.56 | 27.96 | ERROR | |
r-devel-linux-x86_64-fedora-clang | 0.5-2 | 55.89 | ERROR | |||
r-devel-linux-x86_64-fedora-gcc | 0.5-2 | 47.68 | ERROR | |||
r-devel-windows-ix86+x86_64 | 0.5-2 | 71.00 | 6.00 | 77.00 | ERROR | |
r-patched-linux-x86_64 | 0.5-2 | 24.78 | 96.50 | 121.28 | OK | |
r-patched-solaris-x86 | 0.5-2 | 208.90 | OK | |||
r-release-linux-x86_64 | OK | |||||
r-release-windows-ix86+x86_64 | 0.5-2 | 68.00 | 153.00 | 221.00 | OK | |
r-release-osx-x86_64 | 0.5-2 | OK | ||||
r-oldrel-windows-ix86+x86_64 | 0.5-2 | 70.00 | 145.00 | 215.00 | OK | |
r-oldrel-osx-x86_64 | 0.5-2 | OK |
Version: 0.5-2
Check: whether package can be installed
Result: ERROR
Installation failed.
Flavors: r-devel-linux-x86_64-debian-clang, r-devel-linux-x86_64-debian-gcc, r-devel-linux-x86_64-fedora-clang, r-devel-linux-x86_64-fedora-gcc, r-devel-windows-ix86+x86_64