Last updated on 2019-03-14 00:47:02 CET.
Flavor | Version | Tinstall | Tcheck | Ttotal | Status | Flags |
---|---|---|---|---|---|---|
r-devel-linux-x86_64-debian-clang | 1.1.1 | 43.09 | 113.37 | 156.46 | OK | |
r-devel-linux-x86_64-debian-gcc | 1.1.1 | 39.09 | 91.03 | 130.12 | OK | |
r-devel-linux-x86_64-fedora-clang | 1.1.1 | 220.27 | NOTE | |||
r-devel-linux-x86_64-fedora-gcc | 1.1.1 | 207.60 | OK | |||
r-devel-windows-ix86+x86_64 | 1.1.1 | 76.00 | 265.00 | 341.00 | OK | |
r-patched-linux-x86_64 | 1.1.1 | 47.46 | 109.02 | 156.48 | OK | |
r-patched-solaris-x86 | 1.1.1 | 302.90 | OK | |||
r-release-linux-x86_64 | OK | |||||
r-release-windows-ix86+x86_64 | 1.1.1 | 94.00 | 199.00 | 293.00 | OK | |
r-release-osx-x86_64 | 1.1.1 | NOTE | ||||
r-oldrel-windows-ix86+x86_64 | 1.1.1 | 95.00 | 193.00 | 288.00 | OK | |
r-oldrel-osx-x86_64 | 1.1.1 | NOTE |
Version: 1.1.1
Check: installed package size
Result: NOTE
installed size is 16.5Mb
sub-directories of 1Mb or more:
libs 16.1Mb
Flavors: r-devel-linux-x86_64-fedora-clang, r-release-osx-x86_64, r-oldrel-osx-x86_64