CRAN Package Check Results for Package unvotes

Last updated on 2019-03-14 00:47:02 CET.

Flavor Version Tinstall Tcheck Ttotal Status Flags
r-devel-linux-x86_64-debian-clang 0.2.0 4.98 53.54 58.52 OK
r-devel-linux-x86_64-debian-gcc 0.2.0 4.94 45.08 50.02 OK
r-devel-linux-x86_64-fedora-clang 0.2.0 80.95 NOTE
r-devel-linux-x86_64-fedora-gcc 0.2.0 72.20 NOTE
r-devel-windows-ix86+x86_64 0.2.0 14.00 97.00 111.00 OK
r-patched-linux-x86_64 0.2.0 4.55 47.43 51.98 OK
r-patched-solaris-x86 0.2.0 135.50 NOTE
r-release-linux-x86_64 OK
r-release-windows-ix86+x86_64 0.2.0 11.00 105.00 116.00 OK
r-release-osx-x86_64 0.2.0 NOTE
r-oldrel-windows-ix86+x86_64 0.2.0 10.00 106.00 116.00 OK
r-oldrel-osx-x86_64 0.2.0 NOTE

Check Details

Version: 0.2.0
Check: data for non-ASCII characters
Result: NOTE
     Note: found 4494 marked UTF-8 strings
Flavors: r-devel-linux-x86_64-fedora-clang, r-devel-linux-x86_64-fedora-gcc, r-patched-solaris-x86, r-release-osx-x86_64, r-oldrel-osx-x86_64