CRAN Package Check Results for Package ustyc

Last updated on 2019-03-14 00:47:02 CET.

Flavor Version Tinstall Tcheck Ttotal Status Flags
r-devel-linux-x86_64-debian-clang 1.0.0 2.36 27.44 29.80 NOTE
r-devel-linux-x86_64-debian-gcc 1.0.0 2.11 21.79 23.90 NOTE
r-devel-linux-x86_64-fedora-clang 1.0.0 37.80 NOTE
r-devel-linux-x86_64-fedora-gcc 1.0.0 34.63 NOTE
r-devel-windows-ix86+x86_64 1.0.0 9.00 52.00 61.00 NOTE
r-patched-linux-x86_64 1.0.0 1.48 26.04 27.52 NOTE
r-patched-solaris-x86 1.0.0 52.70 NOTE
r-release-linux-x86_64 NOTE
r-release-windows-ix86+x86_64 1.0.0 7.00 51.00 58.00 NOTE
r-release-osx-x86_64 1.0.0 NOTE
r-oldrel-windows-ix86+x86_64 1.0.0 5.00 36.00 41.00 NOTE
r-oldrel-osx-x86_64 1.0.0 NOTE

Check Details

Version: 1.0.0
Check: DESCRIPTION meta-information
Result: NOTE
    Malformed Title field: should not end in a period.
Flavors: r-devel-linux-x86_64-debian-clang, r-devel-linux-x86_64-debian-gcc, r-devel-linux-x86_64-fedora-clang, r-devel-linux-x86_64-fedora-gcc, r-devel-windows-ix86+x86_64, r-patched-linux-x86_64, r-patched-solaris-x86, r-release-linux-x86_64, r-release-windows-ix86+x86_64, r-release-osx-x86_64, r-oldrel-windows-ix86+x86_64, r-oldrel-osx-x86_64