CRAN Package Check Results for Package vec2dtransf

Last updated on 2019-03-14 00:47:02 CET.

Flavor Version Tinstall Tcheck Ttotal Status Flags
r-devel-linux-x86_64-debian-clang 1.1 3.57 27.98 31.55 NOTE
r-devel-linux-x86_64-debian-gcc 1.1 2.67 22.32 24.99 NOTE
r-devel-linux-x86_64-fedora-clang 1.1 39.72 NOTE
r-devel-linux-x86_64-fedora-gcc 1.1 36.04 NOTE
r-devel-windows-ix86+x86_64 1.1 10.00 49.00 59.00 NOTE
r-patched-linux-x86_64 1.1 2.51 25.69 28.20 NOTE
r-patched-solaris-x86 1.1 62.50 NOTE
r-release-linux-x86_64 NOTE
r-release-windows-ix86+x86_64 1.1 8.00 71.00 79.00 NOTE
r-release-osx-x86_64 1.1 NOTE
r-oldrel-windows-ix86+x86_64 1.1 6.00 52.00 58.00 NOTE
r-oldrel-osx-x86_64 1.1 NOTE

Check Details

Version: 1.1
Check: R code for possible problems
Result: NOTE
    calculateParameters,AffineTransformation: no visible global function
     definition for 'lm'
    calculateParameters,AffineTransformation: no visible global function
     definition for 'coef'
    calculateParameters,SimilarityTransformation: no visible global
     function definition for 'lm'
    calculateParameters,SimilarityTransformation: no visible global
     function definition for 'coef'
    plotGridTransformation,Cartesian2DCoordinateTransformation: no visible
     global function definition for 'points'
    plotGridTransformation,Cartesian2DCoordinateTransformation: no visible
     global function definition for 'legend'
    Undefined global functions or variables:
     coef legend lm points
    Consider adding
     importFrom("graphics", "legend", "points")
     importFrom("stats", "coef", "lm")
    to your NAMESPACE file.
Flavors: r-devel-linux-x86_64-debian-clang, r-devel-linux-x86_64-debian-gcc, r-devel-linux-x86_64-fedora-clang, r-devel-linux-x86_64-fedora-gcc, r-devel-windows-ix86+x86_64, r-patched-linux-x86_64, r-patched-solaris-x86, r-release-linux-x86_64, r-release-windows-ix86+x86_64, r-release-osx-x86_64, r-oldrel-windows-ix86+x86_64, r-oldrel-osx-x86_64