CRAN Package Check Results for Package visNetwork

Last updated on 2019-03-14 00:47:03 CET.

Flavor Version Tinstall Tcheck Ttotal Status Flags
r-devel-linux-x86_64-debian-clang 2.0.5 8.77 63.71 72.48 OK
r-devel-linux-x86_64-debian-gcc 2.0.5 7.11 49.78 56.89 OK
r-devel-linux-x86_64-fedora-clang 2.0.5 87.84 NOTE
r-devel-linux-x86_64-fedora-gcc 2.0.5 83.47 OK
r-devel-windows-ix86+x86_64 2.0.5 24.00 120.00 144.00 NOTE
r-patched-linux-x86_64 2.0.5 6.98 59.48 66.46 OK
r-patched-solaris-x86 2.0.5 96.80 WARN
r-release-linux-x86_64 OK
r-release-windows-ix86+x86_64 2.0.5 22.00 87.00 109.00 NOTE
r-release-osx-x86_64 2.0.5 WARN
r-oldrel-windows-ix86+x86_64 2.0.5 18.00 87.00 105.00 NOTE
r-oldrel-osx-x86_64 2.0.5 WARN

Check Details

Version: 2.0.5
Check: installed package size
Result: NOTE
     installed size is 11.2Mb
     sub-directories of 1Mb or more:
     doc 5.6Mb
     htmlwidgets 4.0Mb
Flavors: r-devel-linux-x86_64-fedora-clang, r-devel-windows-ix86+x86_64, r-patched-solaris-x86, r-release-windows-ix86+x86_64, r-release-osx-x86_64, r-oldrel-windows-ix86+x86_64, r-oldrel-osx-x86_64

Version: 2.0.5
Check: re-building of vignette outputs
Result: WARN
    Error in re-building vignettes:
     ...
    Warning in engine$weave(file, quiet = quiet, encoding = enc) :
     Pandoc (>= 1.12.3) and/or pandoc-citeproc not available. Falling back to R Markdown v1.
    Quitting from lines 22-27 (Introduction-to-visNetwork.Rmd)
    Error: processing vignette 'Introduction-to-visNetwork.Rmd' failed with diagnostics:
    cannot open the connection
    Execution halted
Flavors: r-patched-solaris-x86, r-release-osx-x86_64, r-oldrel-osx-x86_64