CRAN Package Check Results for Package warpMix

Last updated on 2019-03-14 00:47:03 CET.

Flavor Version Tinstall Tcheck Ttotal Status Flags
r-devel-linux-x86_64-debian-clang 0.1.0 8.02 75.78 83.80 OK
r-devel-linux-x86_64-debian-gcc 0.1.0 7.02 57.21 64.23 OK
r-devel-linux-x86_64-fedora-clang 0.1.0 106.55 NOTE
r-devel-linux-x86_64-fedora-gcc 0.1.0 95.15 NOTE
r-devel-windows-ix86+x86_64 0.1.0 19.00 113.00 132.00 OK
r-patched-linux-x86_64 0.1.0 7.04 73.03 80.07 NOTE
r-patched-solaris-x86 0.1.0 150.90 NOTE
r-release-linux-x86_64 NOTE
r-release-windows-ix86+x86_64 0.1.0 16.00 104.00 120.00 OK
r-release-osx-x86_64 0.1.0 NOTE
r-oldrel-windows-ix86+x86_64 0.1.0 18.00 130.00 148.00 OK
r-oldrel-osx-x86_64 0.1.0 NOTE

Check Details

Version: 0.1.0
Check: dependencies in R code
Result: NOTE
    Namespace in Imports field not imported from: ‘nlme’
     All declared Imports should be used.
Flavors: r-devel-linux-x86_64-fedora-clang, r-devel-linux-x86_64-fedora-gcc, r-patched-solaris-x86, r-release-osx-x86_64, r-oldrel-osx-x86_64

Version: 0.1.0
Check: DESCRIPTION meta-information
Result: NOTE
    Dependence on R version ‘3.3.2’ not with patchlevel 0
Flavors: r-patched-linux-x86_64, r-release-linux-x86_64