Last updated on 2019-03-14 00:47:04 CET.
Flavor | Version | Tinstall | Tcheck | Ttotal | Status | Flags |
---|---|---|---|---|---|---|
r-devel-linux-x86_64-debian-clang | 0.2.1 | 6.11 | 158.85 | 164.96 | OK | |
r-devel-linux-x86_64-debian-gcc | 0.2.1 | 4.65 | 116.61 | 121.26 | OK | |
r-devel-linux-x86_64-fedora-clang | 0.2.1 | 220.44 | NOTE | |||
r-devel-linux-x86_64-fedora-gcc | 0.2.1 | 199.74 | NOTE | |||
r-devel-windows-ix86+x86_64 | 0.2.1 | 16.00 | 237.00 | 253.00 | OK | |
r-patched-linux-x86_64 | 0.2.1 | 5.38 | 148.51 | 153.89 | OK | |
r-patched-solaris-x86 | 0.2.1 | 263.00 | OK | |||
r-release-linux-x86_64 | OK | |||||
r-release-windows-ix86+x86_64 | 0.2.1 | 17.00 | 190.00 | 207.00 | OK | |
r-release-osx-x86_64 | 0.2.1 | OK | ||||
r-oldrel-windows-ix86+x86_64 | 0.2.1 | 11.00 | 203.00 | 214.00 | OK | |
r-oldrel-osx-x86_64 | 0.2.1 | OK |
Version: 0.2.1
Check: compiled code
Result: NOTE
File ‘xseq/libs/xseq.so’:
Found no call to: ‘R_useDynamicSymbols’
It is good practice to register native routines and to disable symbol
search.
See ‘Writing portable packages’ in the ‘Writing R Extensions’ manual.
Flavors: r-devel-linux-x86_64-fedora-clang, r-devel-linux-x86_64-fedora-gcc