Last updated on 2019-03-27 00:47:45 CET.
Flavor | Version | Tinstall | Tcheck | Ttotal | Status | Flags |
---|---|---|---|---|---|---|
r-devel-linux-x86_64-debian-clang | 0.9 | 57.31 | 60.54 | 117.85 | NOTE | |
r-devel-linux-x86_64-debian-gcc | 0.9 | 41.84 | 48.06 | 89.90 | NOTE | |
r-devel-linux-x86_64-fedora-clang | 0.9 | 173.11 | NOTE | |||
r-devel-linux-x86_64-fedora-gcc | 0.9 | 136.02 | NOTE | |||
r-devel-windows-ix86+x86_64 | 0.9 | 77.00 | 130.00 | 207.00 | NOTE | |
r-patched-linux-x86_64 | 0.9 | 44.39 | 57.39 | 101.78 | OK | |
r-patched-solaris-x86 | 0.9 | 157.20 | OK | |||
r-release-linux-x86_64 | 0.9 | 45.06 | 57.69 | 102.75 | OK | |
r-release-windows-ix86+x86_64 | 0.9 | 88.00 | 122.00 | 210.00 | OK | |
r-release-osx-x86_64 | 0.9 | NOTE | ||||
r-oldrel-windows-ix86+x86_64 | 0.9 | 68.00 | 134.00 | 202.00 | OK | |
r-oldrel-osx-x86_64 | 0.9 | NOTE |
Version: 0.9
Check: line endings in C/C++/Fortran sources/headers
Result: NOTE
Found the following sources/headers with CR or CRLF line endings:
inst/include/APML0.h
inst/include/APML0_RcppExports.h
Some Unix compilers require LF line endings.
Flavors: r-devel-linux-x86_64-debian-clang, r-devel-linux-x86_64-debian-gcc, r-devel-linux-x86_64-fedora-clang, r-devel-linux-x86_64-fedora-gcc, r-devel-windows-ix86+x86_64
Version: 0.9
Check: installed package size
Result: NOTE
installed size is 9.4Mb
sub-directories of 1Mb or more:
libs 9.2Mb
Flavors: r-devel-linux-x86_64-fedora-clang, r-release-osx-x86_64, r-oldrel-osx-x86_64