Last updated on 2019-03-27 00:47:45 CET.
Flavor | Version | Tinstall | Tcheck | Ttotal | Status | Flags |
---|---|---|---|---|---|---|
r-devel-linux-x86_64-debian-clang | 1.0 | 2.70 | 22.83 | 25.53 | NOTE | |
r-devel-linux-x86_64-debian-gcc | 1.0 | 2.06 | 18.18 | 20.24 | NOTE | |
r-devel-linux-x86_64-fedora-clang | 1.0 | 33.76 | NOTE | |||
r-devel-linux-x86_64-fedora-gcc | 1.0 | 28.86 | NOTE | |||
r-devel-windows-ix86+x86_64 | 1.0 | 8.00 | 44.00 | 52.00 | NOTE | |
r-patched-linux-x86_64 | 1.0 | 1.60 | 21.26 | 22.86 | NOTE | |
r-patched-solaris-x86 | 1.0 | 46.10 | NOTE | |||
r-release-linux-x86_64 | 1.0 | 1.80 | 21.38 | 23.18 | NOTE | |
r-release-windows-ix86+x86_64 | 1.0 | 5.00 | 62.00 | 67.00 | NOTE | |
r-release-osx-x86_64 | 1.0 | NOTE | ||||
r-oldrel-windows-ix86+x86_64 | 1.0 | 3.00 | 48.00 | 51.00 | NOTE | |
r-oldrel-osx-x86_64 | 1.0 | NOTE |
Version: 1.0
Check: top-level files
Result: NOTE
Non-standard files/directories found at top level:
'AnDE.pdf' 'DESCRIPTION.dcf' 'helpme'
Flavors: r-devel-linux-x86_64-debian-clang, r-devel-linux-x86_64-debian-gcc, r-devel-linux-x86_64-fedora-clang, r-devel-linux-x86_64-fedora-gcc, r-patched-linux-x86_64, r-release-linux-x86_64
Version: 1.0
Check: dependencies in R code
Result: NOTE
Packages in Depends field not imported from:
'discretization' 'foreign' 'functional' 'stringr'
These packages need to be imported from (in the NAMESPACE file)
for when this namespace is loaded but not attached.
Flavors: r-devel-linux-x86_64-debian-clang, r-devel-linux-x86_64-debian-gcc, r-devel-linux-x86_64-fedora-clang, r-devel-linux-x86_64-fedora-gcc, r-devel-windows-ix86+x86_64, r-patched-linux-x86_64, r-patched-solaris-x86, r-release-linux-x86_64, r-release-windows-ix86+x86_64, r-release-osx-x86_64, r-oldrel-windows-ix86+x86_64, r-oldrel-osx-x86_64
Version: 1.0
Check: R code for possible problems
Result: NOTE
aode: no visible global function definition for 'Compose'
mdl: no visible global function definition for 'cutPoints'
setVar: no visible global function definition for 'Compose'
Undefined global functions or variables:
Compose cutPoints
Flavors: r-devel-linux-x86_64-debian-clang, r-devel-linux-x86_64-debian-gcc, r-devel-linux-x86_64-fedora-clang, r-devel-linux-x86_64-fedora-gcc, r-devel-windows-ix86+x86_64, r-patched-linux-x86_64, r-patched-solaris-x86, r-release-linux-x86_64, r-release-windows-ix86+x86_64, r-release-osx-x86_64, r-oldrel-windows-ix86+x86_64, r-oldrel-osx-x86_64