CRAN Package Check Results for Package BCEA

Last updated on 2019-03-27 00:47:46 CET.

Flavor Version Tinstall Tcheck Ttotal Status Flags
r-devel-linux-x86_64-debian-clang 2.2-6 6.91 68.34 75.25 NOTE
r-devel-linux-x86_64-debian-gcc 2.2-6 6.32 52.23 58.55 NOTE
r-devel-linux-x86_64-fedora-clang 2.2-6 99.40 OK
r-devel-linux-x86_64-fedora-gcc 2.2-6 83.38 OK
r-devel-windows-ix86+x86_64 2.2-6 16.00 100.00 116.00 OK
r-patched-linux-x86_64 2.2-6 6.30 62.95 69.25 NOTE
r-patched-solaris-x86 2.2-6 119.80 NOTE
r-release-linux-x86_64 2.2-6 6.66 63.12 69.78 NOTE
r-release-windows-ix86+x86_64 2.2-6 13.00 97.00 110.00 OK
r-release-osx-x86_64 2.2-6 NOTE
r-oldrel-windows-ix86+x86_64 2.2-6 5.00 80.00 85.00 OK
r-oldrel-osx-x86_64 2.2-6 NOTE

Check Details

Version: 2.2-6
Check: package dependencies
Result: NOTE
    Package suggested but not available for checking: 'INLA'
Flavors: r-devel-linux-x86_64-debian-clang, r-devel-linux-x86_64-debian-gcc, r-patched-linux-x86_64, r-patched-solaris-x86, r-release-linux-x86_64, r-release-osx-x86_64, r-oldrel-osx-x86_64