CRAN Package Check Results for Package BCEE

Last updated on 2019-03-27 00:47:46 CET.

Flavor Version Tinstall Tcheck Ttotal Status Flags
r-devel-linux-x86_64-debian-clang 1.2 31.31 64.87 96.18 NOTE
r-devel-linux-x86_64-debian-gcc 1.2 23.63 51.59 75.22 NOTE
r-devel-linux-x86_64-fedora-clang 1.2 143.85 NOTE
r-devel-linux-x86_64-fedora-gcc 1.2 119.98 NOTE
r-devel-windows-ix86+x86_64 1.2 79.00 142.00 221.00 OK
r-patched-linux-x86_64 1.2 29.01 60.95 89.96 OK
r-patched-solaris-x86 1.2 153.30 OK
r-release-linux-x86_64 1.2 25.34 60.97 86.31 OK
r-release-windows-ix86+x86_64 1.2 70.00 141.00 211.00 OK
r-release-osx-x86_64 1.2 OK
r-oldrel-windows-ix86+x86_64 1.2 53.00 112.00 165.00 OK
r-oldrel-osx-x86_64 1.2 OK

Check Details

Version: 1.2
Check: use of SHLIB_OPENMP_*FLAGS in Makefiles
Result: NOTE
     src/Makevars: SHLIB_OPENMP_CXXFLAGS is included in PKG_CXXFLAGS but not in PKG_LIBS
     src/Makevars: SHLIB_OPENMP_CFLAGS is included in PKG_LIBS but linking is by C++
     src/Makevars.win: SHLIB_OPENMP_CXXFLAGS is included in PKG_CXXFLAGS but not in PKG_LIBS
     src/Makevars.win: SHLIB_OPENMP_CFLAGS is included in PKG_LIBS but linking is by C++
    Use of these macros is discussed in sect 1.2.1.1 of 'Writing R
    Extensions'. The macros for different languages may differ so the
    matching macro must be used in PKG_CXXFLAGS (etc) and match that used
    in PKG_LIBS (except for Fortran: see the manual).
Flavors: r-devel-linux-x86_64-debian-clang, r-devel-linux-x86_64-debian-gcc, r-devel-linux-x86_64-fedora-clang, r-devel-linux-x86_64-fedora-gcc