CRAN Package Check Results for Package BClustLonG

Last updated on 2019-03-27 00:47:46 CET.

Flavor Version Tinstall Tcheck Ttotal Status Flags
r-devel-linux-x86_64-debian-clang 0.1.2 36.68 139.41 176.09 WARN
r-devel-linux-x86_64-debian-gcc 0.1.2 31.26 106.55 137.81 OK
r-devel-linux-x86_64-fedora-clang 0.1.2 243.88 WARN
r-devel-linux-x86_64-fedora-gcc 0.1.2 214.34 OK
r-devel-windows-ix86+x86_64 0.1.2 76.00 214.00 290.00 OK
r-patched-linux-x86_64 0.1.2 34.35 134.82 169.17 OK
r-patched-solaris-x86 0.1.2 276.60 OK
r-release-linux-x86_64 0.1.2 34.71 134.74 169.45 OK
r-release-windows-ix86+x86_64 0.1.2 82.00 228.00 310.00 OK
r-release-osx-x86_64 0.1.2 OK
r-oldrel-windows-ix86+x86_64 0.1.2 63.00 209.00 272.00 OK
r-oldrel-osx-x86_64 0.1.2 OK

Check Details

Version: 0.1.2
Check: whether package can be installed
Result: WARN
    Found the following significant warnings:
     sparseFactor.cpp:33:10: warning: explicitly assigning value of variable of type 'Rcpp::IntegerVector' (aka 'Vector<13>') to itself [-Wself-assign-overloaded]
Flavors: r-devel-linux-x86_64-debian-clang, r-devel-linux-x86_64-fedora-clang