CRAN Package Check Results for Package BNPMIXcluster

Last updated on 2019-03-27 00:47:47 CET.

Flavor Version Tinstall Tcheck Ttotal Status Flags
r-devel-linux-x86_64-debian-clang 1.2.4 82.46 32.23 114.69 NOTE
r-devel-linux-x86_64-debian-gcc 1.2.4 66.39 26.20 92.59 NOTE
r-devel-linux-x86_64-fedora-clang 1.2.4 185.92 NOTE
r-devel-linux-x86_64-fedora-gcc 1.2.4 163.70 NOTE
r-devel-windows-ix86+x86_64 1.2.4 218.00 67.00 285.00 OK
r-patched-linux-x86_64 1.2.4 80.34 30.07 110.41 OK
r-patched-solaris-x86 1.2.4 151.70 OK
r-release-linux-x86_64 1.2.4 80.15 30.24 110.39 OK
r-release-windows-ix86+x86_64 1.2.4 203.00 86.00 289.00 OK
r-release-osx-x86_64 1.2.4 OK
r-oldrel-windows-ix86+x86_64 1.2.4 157.00 70.00 227.00 OK
r-oldrel-osx-x86_64 1.2.4 OK

Check Details

Version: 1.2.4
Check: use of SHLIB_OPENMP_*FLAGS in Makefiles
Result: NOTE
     src/Makevars: SHLIB_OPENMP_CXXFLAGS is included in PKG_CXXFLAGS but not in PKG_LIBS
     src/Makevars: SHLIB_OPENMP_CFLAGS is included in PKG_LIBS but linking is by C++
     src/Makevars.win: SHLIB_OPENMP_CXXFLAGS is included in PKG_CXXFLAGS but not in PKG_LIBS
     src/Makevars.win: SHLIB_OPENMP_CFLAGS is included in PKG_LIBS but linking is by C++
    Use of these macros is discussed in sect 1.2.1.1 of 'Writing R
    Extensions'. The macros for different languages may differ so the
    matching macro must be used in PKG_CXXFLAGS (etc) and match that used
    in PKG_LIBS (except for Fortran: see the manual).
Flavors: r-devel-linux-x86_64-debian-clang, r-devel-linux-x86_64-debian-gcc, r-devel-linux-x86_64-fedora-clang, r-devel-linux-x86_64-fedora-gcc