Last updated on 2019-03-27 00:47:46 CET.
Flavor | Version | Tinstall | Tcheck | Ttotal | Status | Flags |
---|---|---|---|---|---|---|
r-devel-linux-x86_64-debian-clang | 1.2 | 50.15 | 43.08 | 93.23 | WARN | |
r-devel-linux-x86_64-debian-gcc | 1.2 | 37.80 | 34.31 | 72.11 | OK | |
r-devel-linux-x86_64-fedora-clang | 1.2 | 144.79 | WARN | |||
r-devel-linux-x86_64-fedora-gcc | 1.2 | 114.09 | OK | |||
r-devel-windows-ix86+x86_64 | 1.2 | 85.00 | 92.00 | 177.00 | OK | |
r-patched-linux-x86_64 | 1.2 | 42.00 | 40.84 | 82.84 | OK | |
r-patched-solaris-x86 | 1.2 | 128.20 | OK | |||
r-release-linux-x86_64 | 1.2 | 46.48 | 41.22 | 87.70 | OK | |
r-release-windows-ix86+x86_64 | 1.2 | 101.00 | 102.00 | 203.00 | OK | |
r-release-osx-x86_64 | 1.2 | ERROR | ||||
r-oldrel-windows-ix86+x86_64 | 1.2 | 75.00 | 82.00 | 157.00 | OK | |
r-oldrel-osx-x86_64 | 1.2 | ERROR |
Version: 1.2
Check: whether package can be installed
Result: WARN
Found the following significant warnings:
rcpparma_hello_world.cpp:930:4: warning: explicitly assigning value of variable of type 'arma::colvec' (aka 'Col<double>') to itself [-Wself-assign-overloaded]
rcpparma_hello_world.cpp:930:12: warning: explicitly assigning value of variable of type 'arma::colvec' (aka 'Col<double>') to itself [-Wself-assign-overloaded]
rcpparma_hello_world.cpp:939:4: warning: explicitly assigning value of variable of type 'arma::colvec' (aka 'Col<double>') to itself [-Wself-assign-overloaded]
rcpparma_hello_world.cpp:939:12: warning: explicitly assigning value of variable of type 'arma::colvec' (aka 'Col<double>') to itself [-Wself-assign-overloaded]
Flavors: r-devel-linux-x86_64-debian-clang, r-devel-linux-x86_64-fedora-clang
Version: 1.2
Check: package dependencies
Result: ERROR
Package required but not available: ‘mritc’
See section ‘The DESCRIPTION file’ in the ‘Writing R Extensions’
manual.
Flavors: r-release-osx-x86_64, r-oldrel-osx-x86_64