CRAN Package Check Results for Package BayesMallows

Last updated on 2019-03-27 00:47:46 CET.

Flavor Version Tinstall Tcheck Ttotal Status Flags
r-devel-linux-x86_64-debian-clang 0.4.0 138.72 69.44 208.16 OK
r-devel-linux-x86_64-debian-gcc 0.4.0 110.65 51.48 162.13 OK
r-devel-linux-x86_64-fedora-clang 0.4.0 326.87 NOTE
r-devel-linux-x86_64-fedora-gcc 0.4.0 295.85 OK
r-devel-windows-ix86+x86_64 0.4.0 310.00 131.00 441.00 OK
r-patched-linux-x86_64 0.4.0 138.39 64.39 202.78 OK
r-patched-solaris-x86 0.4.0 290.00 OK
r-release-linux-x86_64 0.4.0 129.01 62.97 191.98 OK
r-release-windows-ix86+x86_64 0.4.0 392.00 165.00 557.00 OK
r-release-osx-x86_64 0.4.0 OK
r-oldrel-windows-ix86+x86_64 0.4.0 304.00 147.00 451.00 OK
r-oldrel-osx-x86_64 0.4.0 OK

Additional issues

clang-UBSAN

Check Details

Version: 0.4.0
Check: installed package size
Result: NOTE
     installed size is 5.3Mb
     sub-directories of 1Mb or more:
     libs 4.7Mb
Flavor: r-devel-linux-x86_64-fedora-clang