Last updated on 2019-03-27 00:47:47 CET.
Flavor | Version | Tinstall | Tcheck | Ttotal | Status | Flags |
---|---|---|---|---|---|---|
r-devel-linux-x86_64-debian-clang | 0.3.4 | 2.63 | 32.93 | 35.56 | WARN | |
r-devel-linux-x86_64-debian-gcc | 0.3.4 | 2.31 | 26.38 | 28.69 | OK | |
r-devel-linux-x86_64-fedora-clang | 0.3.4 | 49.34 | OK | |||
r-devel-linux-x86_64-fedora-gcc | 0.3.4 | 40.66 | OK | |||
r-devel-windows-ix86+x86_64 | 0.3.4 | 8.00 | 47.00 | 55.00 | OK | |
r-patched-linux-x86_64 | 0.3.4 | 1.87 | 31.91 | 33.78 | OK | |
r-patched-solaris-x86 | 0.3.4 | 50.80 | WARN | |||
r-release-linux-x86_64 | 0.3.4 | 2.15 | 32.00 | 34.15 | OK | |
r-release-windows-ix86+x86_64 | 0.3.4 | 6.00 | 70.00 | 76.00 | OK | |
r-release-osx-x86_64 | 0.3.4 | WARN | ||||
r-oldrel-windows-ix86+x86_64 | 0.3.4 | 5.00 | 55.00 | 60.00 | OK | |
r-oldrel-osx-x86_64 | 0.3.4 | WARN |
Version: 0.3.4
Check: whether package can be installed
Result: WARN
Found the following significant warnings:
Warning: unable to re-encode 'BioCircos.R' line 3
Flavor: r-devel-linux-x86_64-debian-clang
Version: 0.3.4
Check: re-building of vignette outputs
Result: WARN
Error in re-building vignettes:
...
Warning in engine$weave(file, quiet = quiet, encoding = enc) :
Pandoc (>= 1.12.3) and/or pandoc-citeproc not available. Falling back to R Markdown v1.
Quitting from lines 64-67 (BioCircos.Rmd)
Error: processing vignette 'BioCircos.Rmd' failed with diagnostics:
there is no package called 'webshot'
Execution halted
Flavor: r-patched-solaris-x86
Version: 0.3.4
Check: re-building of vignette outputs
Result: WARN
Error in re-building vignettes:
...
Warning in engine$weave(file, quiet = quiet, encoding = enc) :
Pandoc (>= 1.12.3) and/or pandoc-citeproc not available. Falling back to R Markdown v1.
Quitting from lines 64-67 (BioCircos.Rmd)
Error: processing vignette 'BioCircos.Rmd' failed with diagnostics:
cannot open the connection
Execution halted
Flavors: r-release-osx-x86_64, r-oldrel-osx-x86_64