Last updated on 2019-03-27 00:47:47 CET.
Flavor | Version | Tinstall | Tcheck | Ttotal | Status | Flags |
---|---|---|---|---|---|---|
r-devel-linux-x86_64-debian-clang | 0.4 | 49.73 | 164.83 | 214.56 | OK | |
r-devel-linux-x86_64-debian-gcc | 0.4 | 44.10 | 127.48 | 171.58 | OK | |
r-devel-linux-x86_64-fedora-clang | 0.4 | 289.17 | OK | |||
r-devel-linux-x86_64-fedora-gcc | 0.4 | 265.25 | OK | |||
r-devel-windows-ix86+x86_64 | 0.4 | 97.00 | 234.00 | 331.00 | OK | |
r-patched-linux-x86_64 | 0.4 | 41.66 | 157.38 | 199.04 | OK | |
r-release-linux-x86_64 | 0.4 | 43.69 | 157.58 | 201.27 | OK | |
r-release-windows-ix86+x86_64 | 0.4 | 114.00 | 310.00 | 424.00 | OK | |
r-release-osx-x86_64 | 0.4 | WARN | ||||
r-oldrel-windows-ix86+x86_64 | 0.4 | 85.00 | 307.00 | 392.00 | OK | |
r-oldrel-osx-x86_64 | 0.4 | WARN |
Version: 0.4
Check: whether package can be installed
Result: WARN
Found the following significant warnings:
Warning: 'rgl_init' failed, running with rgl.useNULL = TRUE
Flavors: r-release-osx-x86_64, r-oldrel-osx-x86_64