Last updated on 2019-03-27 00:47:47 CET.
Flavor | Version | Tinstall | Tcheck | Ttotal | Status | Flags |
---|---|---|---|---|---|---|
r-devel-linux-x86_64-debian-clang | 1.0.0 | 8.46 | 64.03 | 72.49 | OK | |
r-devel-linux-x86_64-debian-gcc | 1.0.0 | 6.53 | 50.45 | 56.98 | OK | |
r-devel-linux-x86_64-fedora-clang | 1.0.0 | 100.25 | NOTE | |||
r-devel-linux-x86_64-fedora-gcc | 1.0.0 | 92.12 | NOTE | |||
r-devel-windows-ix86+x86_64 | 1.0.0 | 30.00 | 103.00 | 133.00 | OK | |
r-patched-linux-x86_64 | 1.0.0 | 6.68 | 60.75 | 67.43 | OK | |
r-patched-solaris-x86 | 1.0.0 | 122.70 | NOTE | |||
r-release-linux-x86_64 | 1.0.0 | 6.12 | 60.79 | 66.91 | OK | |
r-release-windows-ix86+x86_64 | 1.0.0 | 22.00 | 130.00 | 152.00 | OK | |
r-release-osx-x86_64 | 1.0.0 | NOTE | ||||
r-oldrel-windows-ix86+x86_64 | 1.0.0 | 15.00 | 99.00 | 114.00 | OK | |
r-oldrel-osx-x86_64 | 1.0.0 | NOTE |
Version: 1.0.0
Check: dependencies in R code
Result: NOTE
Namespaces in Imports field not imported from:
‘Rcpp’ ‘knitr’ ‘rmarkdown’
All declared Imports should be used.
Flavors: r-devel-linux-x86_64-fedora-clang, r-devel-linux-x86_64-fedora-gcc, r-patched-solaris-x86, r-release-osx-x86_64, r-oldrel-osx-x86_64