CRAN Package Check Results for Package CorReg

Last updated on 2019-03-27 00:47:49 CET.

Flavor Version Tinstall Tcheck Ttotal Status Flags
r-devel-linux-x86_64-debian-clang 1.2.8 292.18 94.80 386.98 OK
r-devel-linux-x86_64-debian-gcc 1.2.8 247.18 77.21 324.39 OK
r-devel-linux-x86_64-fedora-clang 1.2.8 612.79 NOTE
r-devel-linux-x86_64-fedora-gcc 1.2.8 551.01 OK
r-devel-windows-ix86+x86_64 1.2.8 612.00 143.00 755.00 OK
r-patched-linux-x86_64 1.2.8 291.15 92.70 383.85 OK
r-patched-solaris-x86 1.2.8 433.10 OK
r-release-linux-x86_64 1.2.8 292.83 92.46 385.29 OK
r-release-windows-ix86+x86_64 1.2.8 652.00 168.00 820.00 OK
r-release-osx-x86_64 1.2.8 NOTE
r-oldrel-windows-ix86+x86_64 1.2.8 520.00 138.00 658.00 OK
r-oldrel-osx-x86_64 1.2.8 NOTE

Check Details

Version: 1.2.8
Check: installed package size
Result: NOTE
     installed size is 26.6Mb
     sub-directories of 1Mb or more:
     libs 26.1Mb
Flavors: r-devel-linux-x86_64-fedora-clang, r-release-osx-x86_64, r-oldrel-osx-x86_64