Last updated on 2019-03-27 00:47:49 CET.
Flavor | Version | Tinstall | Tcheck | Ttotal | Status | Flags |
---|---|---|---|---|---|---|
r-devel-linux-x86_64-debian-clang | 1.1.1 | 47.93 | 25.97 | 73.90 | OK | |
r-devel-linux-x86_64-debian-gcc | 1.1.1 | 34.87 | 21.05 | 55.92 | OK | |
r-devel-linux-x86_64-fedora-clang | 1.1.1 | 108.25 | NOTE | |||
r-devel-linux-x86_64-fedora-gcc | 1.1.1 | 89.46 | NOTE | |||
r-devel-windows-ix86+x86_64 | 1.1.1 | 101.00 | 73.00 | 174.00 | OK | |
r-patched-linux-x86_64 | 1.1.1 | 37.55 | 24.68 | 62.23 | OK | |
r-patched-solaris-x86 | 1.1.1 | 96.70 | OK | |||
r-release-linux-x86_64 | 1.1.1 | 40.01 | 24.35 | 64.36 | OK | |
r-release-windows-ix86+x86_64 | 1.1.1 | 102.00 | 76.00 | 178.00 | OK | |
r-release-osx-x86_64 | 1.1.1 | NOTE | ||||
r-oldrel-windows-ix86+x86_64 | 1.1.1 | 77.00 | 62.00 | 139.00 | OK | |
r-oldrel-osx-x86_64 | 1.1.1 | NOTE |
Version: 1.1.1
Check: installed package size
Result: NOTE
installed size is 5.7Mb
sub-directories of 1Mb or more:
libs 5.6Mb
Flavors: r-devel-linux-x86_64-fedora-clang, r-release-osx-x86_64, r-oldrel-osx-x86_64
Version: 1.1.1
Check: compiled code
Result: NOTE
File ‘CoxPlus/libs/CoxPlus.so’:
Found no calls to: ‘R_registerRoutines’, ‘R_useDynamicSymbols’
It is good practice to register native routines and to disable symbol
search.
See ‘Writing portable packages’ in the ‘Writing R Extensions’ manual.
Flavors: r-devel-linux-x86_64-fedora-clang, r-devel-linux-x86_64-fedora-gcc