CRAN Package Check Results for Package DTAT

Last updated on 2019-03-27 00:47:53 CET.

Flavor Version Tinstall Tcheck Ttotal Status Flags
r-devel-linux-x86_64-debian-clang 0.3-1 12.70 96.25 108.95 OK
r-devel-linux-x86_64-debian-gcc 0.3-1 10.18 76.76 86.94 OK
r-devel-linux-x86_64-fedora-clang 0.3-1 134.39 OK
r-devel-linux-x86_64-fedora-gcc 0.3-1 127.06 OK
r-devel-windows-ix86+x86_64 0.3-1 27.00 126.00 153.00 OK
r-patched-linux-x86_64 0.3-1 7.12 93.04 100.16 OK
r-patched-solaris-x86 0.3-1 191.10 WARN
r-release-linux-x86_64 0.3-1 8.35 91.99 100.34 OK
r-release-windows-ix86+x86_64 0.3-1 22.00 167.00 189.00 OK
r-release-osx-x86_64 0.3-1 WARN
r-oldrel-windows-ix86+x86_64 0.3-1 16.00 131.00 147.00 OK
r-oldrel-osx-x86_64 0.3-1 WARN

Check Details

Version: 0.3-1
Check: re-building of vignette outputs
Result: WARN
    Error in re-building vignettes:
     ...
    Warning in engine$weave(file, quiet = quiet, encoding = enc) :
     Pandoc (>= 1.12.3) and/or pandoc-citeproc not available. Falling back to R Markdown v1.
    Quitting from lines 163-164 (Designing-33PC.Rmd)
    Error: processing vignette 'Designing-33PC.Rmd' failed with diagnostics:
    there is no package called 'webshot'
    Execution halted
Flavor: r-patched-solaris-x86

Version: 0.3-1
Check: re-building of vignette outputs
Result: WARN
    Error in re-building vignettes:
     ...
    Warning in engine$weave(file, quiet = quiet, encoding = enc) :
     Pandoc (>= 1.12.3) and/or pandoc-citeproc not available. Falling back to R Markdown v1.
    Quitting from lines 163-164 (Designing-33PC.Rmd)
    Error: processing vignette 'Designing-33PC.Rmd' failed with diagnostics:
    cannot open the connection
    Execution halted
Flavors: r-release-osx-x86_64, r-oldrel-osx-x86_64