Last updated on 2019-03-27 00:47:52 CET.
Flavor | Version | Tinstall | Tcheck | Ttotal | Status | Flags |
---|---|---|---|---|---|---|
r-devel-linux-x86_64-debian-clang | 3.6 | 7.96 | 70.54 | 78.50 | OK | |
r-devel-linux-x86_64-debian-gcc | 3.6 | 6.51 | 54.72 | 61.23 | OK | |
r-devel-linux-x86_64-fedora-clang | 3.6 | 97.65 | OK | |||
r-devel-linux-x86_64-fedora-gcc | 3.6 | 92.25 | OK | |||
r-devel-windows-ix86+x86_64 | 3.4 | 16.00 | 89.00 | 105.00 | OK | |
r-patched-linux-x86_64 | 3.4 | 8.11 | 68.11 | 76.22 | OK | |
r-patched-solaris-x86 | 3.6 | 113.50 | OK | |||
r-release-linux-x86_64 | 3.6 | 5.65 | 67.06 | 72.71 | OK | |
r-release-windows-ix86+x86_64 | 3.4 | 19.00 | 113.00 | 132.00 | OK | |
r-release-osx-x86_64 | 3.4 | OK | ||||
r-oldrel-windows-ix86+x86_64 | 3.6 | 2.00 | 6.00 | 8.00 | ERROR | |
r-oldrel-osx-x86_64 | 3.4 | OK |
Version: 3.6
Check: package dependencies
Result: ERROR
Package required but not available: 'Rfast2'
See section 'The DESCRIPTION file' in the 'Writing R Extensions'
manual.
Flavor: r-oldrel-windows-ix86+x86_64