Last updated on 2019-03-27 00:47:55 CET.
Flavor | Version | Tinstall | Tcheck | Ttotal | Status | Flags |
---|---|---|---|---|---|---|
r-devel-linux-x86_64-debian-clang | 0.1.2 | 42.36 | 44.16 | 86.52 | OK | |
r-devel-linux-x86_64-debian-gcc | 0.1.2 | 33.79 | 34.91 | 68.70 | OK | |
r-devel-linux-x86_64-fedora-clang | 0.1.2 | 128.09 | NOTE | |||
r-devel-linux-x86_64-fedora-gcc | 0.1.2 | 123.96 | NOTE | |||
r-devel-windows-ix86+x86_64 | 0.1.2 | 84.00 | 96.00 | 180.00 | OK | |
r-patched-linux-x86_64 | 0.1.2 | 37.89 | 39.45 | 77.34 | OK | |
r-patched-solaris-x86 | 0.1.2 | 116.10 | OK | |||
r-release-linux-x86_64 | 0.1.2 | 40.73 | 39.21 | 79.94 | OK | |
r-release-windows-ix86+x86_64 | 0.1.2 | 102.00 | 101.00 | 203.00 | OK | |
r-release-osx-x86_64 | 0.1.2 | OK | ||||
r-oldrel-windows-ix86+x86_64 | 0.1.2 | 79.00 | 78.00 | 157.00 | OK | |
r-oldrel-osx-x86_64 | 0.1.2 | OK |
Version: 0.1.2
Check: compiled code
Result: NOTE
File ‘FIACH/libs/FIACH.so’:
Found no calls to: ‘R_registerRoutines’, ‘R_useDynamicSymbols’
It is good practice to register native routines and to disable symbol
search.
See ‘Writing portable packages’ in the ‘Writing R Extensions’ manual.
Flavors: r-devel-linux-x86_64-fedora-clang, r-devel-linux-x86_64-fedora-gcc