Last updated on 2019-03-27 00:47:56 CET.
Flavor | Version | Tinstall | Tcheck | Ttotal | Status | Flags |
---|---|---|---|---|---|---|
r-devel-linux-x86_64-debian-clang | 3.6-1 | 13.00 | 150.27 | 163.27 | OK | |
r-devel-linux-x86_64-debian-gcc | 3.6-1 | 11.74 | 121.24 | 132.98 | OK | |
r-devel-linux-x86_64-fedora-clang | 3.6-1 | 198.94 | NOTE | |||
r-devel-linux-x86_64-fedora-gcc | 3.6-1 | 199.55 | NOTE | |||
r-devel-windows-ix86+x86_64 | 3.6-1 | 32.00 | 374.00 | 406.00 | OK | |
r-patched-linux-x86_64 | 3.6-1 | 9.00 | 140.83 | 149.83 | OK | |
r-patched-solaris-x86 | 3.6-1 | 252.40 | NOTE | |||
r-release-linux-x86_64 | 3.6-1 | 9.57 | 140.80 | 150.37 | OK | |
r-release-windows-ix86+x86_64 | 3.6-1 | 29.00 | 478.00 | 507.00 | OK | |
r-release-osx-x86_64 | 3.6-1 | NOTE | ||||
r-oldrel-windows-ix86+x86_64 | 3.5-1 | 31.00 | 193.00 | 224.00 | OK | |
r-oldrel-osx-x86_64 | 3.6-1 | ERROR |
Version: 3.6-1
Check: data for non-ASCII characters
Result: NOTE
Note: found 19 marked UTF-8 strings
Flavors: r-devel-linux-x86_64-fedora-clang, r-devel-linux-x86_64-fedora-gcc, r-patched-solaris-x86, r-release-osx-x86_64
Version: 3.6-1
Check: whether package can be installed
Result: ERROR
Installation failed.
Flavor: r-oldrel-osx-x86_64