Last updated on 2019-03-27 00:47:56 CET.
Flavor | Version | Tinstall | Tcheck | Ttotal | Status | Flags |
---|---|---|---|---|---|---|
r-devel-linux-x86_64-debian-clang | 0.13.0 | 97.83 | 264.74 | 362.57 | OK | |
r-devel-linux-x86_64-debian-gcc | 0.13.0 | 70.66 | 248.66 | 319.32 | OK | |
r-devel-linux-x86_64-fedora-clang | 0.13.0 | 495.43 | NOTE | |||
r-devel-linux-x86_64-fedora-gcc | 0.13.0 | 532.72 | OK | |||
r-devel-windows-ix86+x86_64 | 0.13.0 | 189.00 | 386.00 | 575.00 | OK | |
r-patched-linux-x86_64 | 0.13.0 | 79.76 | 319.34 | 399.10 | OK | |
r-patched-solaris-x86 | 0.13.0 | 801.30 | OK | |||
r-release-linux-x86_64 | 0.13.0 | 80.20 | 318.83 | 399.03 | OK | |
r-release-windows-ix86+x86_64 | 0.13.0 | 236.00 | 418.00 | 654.00 | OK | |
r-release-osx-x86_64 | 0.13.0 | OK | ||||
r-oldrel-windows-ix86+x86_64 | 0.13.0 | 186.00 | 398.00 | 584.00 | OK | |
r-oldrel-osx-x86_64 | 0.13.0 | OK |
Version: 0.13.0
Check: installed package size
Result: NOTE
installed size is 5.1Mb
sub-directories of 1Mb or more:
libs 4.0Mb
Flavor: r-devel-linux-x86_64-fedora-clang