CRAN Package Check Results for Package HARModel

Last updated on 2019-03-27 00:47:58 CET.

Flavor Version Tinstall Tcheck Ttotal Status Flags
r-devel-linux-x86_64-debian-clang 0.2 44.96 35.25 80.21 WARN
r-devel-linux-x86_64-debian-gcc 0.2 35.94 27.81 63.75 OK
r-devel-linux-x86_64-fedora-clang 0.2 116.11 WARN
r-devel-linux-x86_64-fedora-gcc 0.2 110.69 OK
r-devel-windows-ix86+x86_64 0.2 125.00 71.00 196.00 OK
r-patched-linux-x86_64 0.2 39.66 32.83 72.49 OK
r-patched-solaris-x86 0.2 115.90 OK
r-release-linux-x86_64 0.2 41.31 32.64 73.95 OK
r-release-windows-ix86+x86_64 0.2 135.00 89.00 224.00 OK
r-release-osx-x86_64 0.2 WARN
r-oldrel-windows-ix86+x86_64 0.2 98.00 72.00 170.00 OK
r-oldrel-osx-x86_64 0.2 OK

Check Details

Version: 0.2
Check: whether package can be installed
Result: WARN
    Found the following significant warnings:
     HARDataCreationC.cpp:19:9: warning: explicitly assigning value of variable of type 'int' to itself [-Wself-assign]
Flavors: r-devel-linux-x86_64-debian-clang, r-devel-linux-x86_64-fedora-clang, r-release-osx-x86_64