Last updated on 2019-03-27 00:47:58 CET.
Flavor | Version | Tinstall | Tcheck | Ttotal | Status | Flags |
---|---|---|---|---|---|---|
r-devel-linux-x86_64-debian-clang | 0.3.2 | 9.70 | 96.50 | 106.20 | OK | |
r-devel-linux-x86_64-debian-gcc | 0.3.2 | 6.80 | 77.97 | 84.77 | OK | |
r-devel-linux-x86_64-fedora-clang | 0.3.2 | 131.52 | OK | |||
r-devel-linux-x86_64-fedora-gcc | 0.3.2 | 132.28 | OK | |||
r-devel-windows-ix86+x86_64 | 0.3.2 | 24.00 | 114.00 | 138.00 | OK | |
r-patched-linux-x86_64 | 0.3.2 | 5.79 | 86.78 | 92.57 | OK | |
r-patched-solaris-x86 | 0.3.2 | 175.10 | NOTE | |||
r-release-linux-x86_64 | 0.3.2 | 5.73 | 85.84 | 91.57 | OK | |
r-release-windows-ix86+x86_64 | 0.3.2 | 19.00 | 170.00 | 189.00 | OK | |
r-release-osx-x86_64 | 0.3.2 | OK | ||||
r-oldrel-windows-ix86+x86_64 | 0.3.2 | 13.00 | 162.00 | 175.00 | OK | |
r-oldrel-osx-x86_64 | 0.3.2 | NOTE |
Version: 0.3.2
Check: package dependencies
Result: NOTE
Package which this enhances but not available for checking: ‘RProtoBuf’
Flavors: r-patched-solaris-x86, r-oldrel-osx-x86_64
Version: 0.3.2
Check: Rd cross-references
Result: NOTE
Package unavailable to check Rd xrefs: ‘RProtoBuf’
Flavors: r-patched-solaris-x86, r-oldrel-osx-x86_64