Last updated on 2019-03-27 00:47:59 CET.
Flavor | Version | Tinstall | Tcheck | Ttotal | Status | Flags |
---|---|---|---|---|---|---|
r-devel-linux-x86_64-debian-clang | 0.9.8 | 113.66 | 108.32 | 221.98 | OK | |
r-devel-linux-x86_64-debian-gcc | 0.9.8 | 90.96 | 80.76 | 171.72 | OK | |
r-devel-linux-x86_64-fedora-clang | 0.9.8 | 329.06 | NOTE | |||
r-devel-linux-x86_64-fedora-gcc | 0.9.8 | 302.29 | OK | |||
r-devel-windows-ix86+x86_64 | 0.9.8 | 290.00 | 164.00 | 454.00 | OK | |
r-patched-linux-x86_64 | 0.9.8 | 112.74 | 105.13 | 217.87 | OK | |
r-patched-solaris-x86 | 0.9.8 | 257.10 | OK | |||
r-release-linux-x86_64 | 0.9.8 | 115.16 | 104.25 | 219.41 | OK | |
r-release-windows-ix86+x86_64 | 0.9.8 | 293.00 | 235.00 | 528.00 | OK | |
r-release-osx-x86_64 | 0.9.8 | NOTE | ||||
r-oldrel-windows-ix86+x86_64 | 0.9.8 | 204.00 | 243.00 | 447.00 | OK | |
r-oldrel-osx-x86_64 | 0.9.8 | NOTE |
Version: 0.9.8
Check: installed package size
Result: NOTE
installed size is 6.9Mb
sub-directories of 1Mb or more:
libs 6.1Mb
Flavors: r-devel-linux-x86_64-fedora-clang, r-release-osx-x86_64, r-oldrel-osx-x86_64